{"version":"1.0","provider_name":"","provider_url":"https:\/\/jornalfax.net","author_name":"jornalfax.net","author_url":"https:\/\/jornalfax.net\/index.php\/author\/jornalfax-net\/","title":"QUEM MATOU BENNY TUKAYANO EM PORTUGAL? -","type":"rich","width":600,"height":338,"html":"<blockquote class=\"wp-embedded-content\" data-secret=\"xdZC9KjF2N\"><a href=\"https:\/\/jornalfax.net\/index.php\/2024\/02\/15\/quem-matou-benny-tukayano-em-portugal\/\">QUEM MATOU BENNY TUKAYANO EM PORTUGAL?<\/a><\/blockquote><iframe sandbox=\"allow-scripts\" security=\"restricted\" src=\"https:\/\/jornalfax.net\/index.php\/2024\/02\/15\/quem-matou-benny-tukayano-em-portugal\/embed\/#?secret=xdZC9KjF2N\" width=\"600\" height=\"338\" title=\"&#8220;QUEM MATOU BENNY TUKAYANO EM PORTUGAL?&#8221; &#8212; \" data-secret=\"xdZC9KjF2N\" frameborder=\"0\" marginwidth=\"0\" marginheight=\"0\" scrolling=\"no\" class=\"wp-embedded-content\"><\/iframe><script>\n\/*! This file is auto-generated *\/\n!function(d,l){\"use strict\";l.querySelector&&d.addEventListener&&\"undefined\"!=typeof URL&&(d.wp=d.wp||{},d.wp.receiveEmbedMessage||(d.wp.receiveEmbedMessage=function(e){var t=e.data;if((t||t.secret||t.message||t.value)&&!\/[^a-zA-Z0-9]\/.test(t.secret)){for(var s,r,n,a=l.querySelectorAll('iframe[data-secret=\"'+t.secret+'\"]'),o=l.querySelectorAll('blockquote[data-secret=\"'+t.secret+'\"]'),c=new RegExp(\"^https?:$\",\"i\"),i=0;i<o.length;i++)o[i].style.display=\"none\";for(i=0;i<a.length;i++)s=a[i],e.source===s.contentWindow&&(s.removeAttribute(\"style\"),\"height\"===t.message?(1e3<(r=parseInt(t.value,10))?r=1e3:~~r<200&&(r=200),s.height=r):\"link\"===t.message&&(r=new URL(s.getAttribute(\"src\")),n=new URL(t.value),c.test(n.protocol))&&n.host===r.host&&l.activeElement===s&&(d.top.location.href=t.value))}},d.addEventListener(\"message\",d.wp.receiveEmbedMessage,!1),l.addEventListener(\"DOMContentLoaded\",function(){for(var e,t,s=l.querySelectorAll(\"iframe.wp-embedded-content\"),r=0;r<s.length;r++)(t=(e=s[r]).getAttribute(\"data-secret\"))||(t=Math.random().toString(36).substring(2,12),e.src+=\"#?secret=\"+t,e.setAttribute(\"data-secret\",t)),e.contentWindow.postMessage({message:\"ready\",secret:t},\"*\")},!1)))}(window,document);\n<\/script>\n","thumbnail_url":"http:\/\/jornalfax.net\/wp-content\/uploads\/2024\/02\/transferir-13-2.jpg","thumbnail_width":373,"thumbnail_height":353,"description":"O jornal portugu\u00eas \u201cCorreio da Manh\u00e3\u201d noticiou recentemente a execu\u00e7\u00e3o de um homem de 35 anos, no pret\u00e9rito dia 10 de Fevereiro, no bairro dos Navegadores, em Oeiras, Lisboa, Portugal, depois de ter sido alegadamente emboscado quando chegava \u00e0 casa. O \u201cCorreio da Manh\u00e3\u201d &#8211; que cita a Pol\u00edcia de Seguran\u00e7a P\u00fablica (PSP) &#8211; liga [&hellip;]"}

O jornal português “Correio da Manhã” noticiou recentemente a execução de um homem de 35 anos, no pretérito dia 10 de Fevereiro, no bairro dos Navegadores, em Oeiras, Lisboa, Portugal, depois de ter sido alegadamente emboscado quando chegava à casa. O “Correio da Manhã” &#8211; que cita a Polícia de Segurança Pública (PSP) &#8211; liga [&hellip;]
